at is the units digit of 111/(-6)*(0 - n)?
1
Let i be ((-45)/15)/((-6)/8). Suppose -i*g + a + 248 = 55, a - 42 = -g. What is the units digit of g?
7
Let l(p) = -2*p**2 + 9*p + 5. Let t be l(5). Suppose -4*i - 2*m + 152 = t, 0*m = i + 4*m - 38. What is the tens digit of i?
3
Suppose -2*h + 7 = -3. Let z be -4 + 0 + -2 + h. What is the units digit of 8 - -1*z/(-1)?
9
Let f(k) = 9*k**2 - 94*k + 30. What is the tens digit of f(25)?
0
Let h(v) = 10*v + 2*v + 0*v + 9*v**2 + 15 + 8 - v**3. What is the units digit of h(10)?
3
Let l(m) = -40*m**3 - 5*m**2 - 5*m - 10. What is the tens digit of l(-2)?
0
Let o be 1083/(-21) - 15/35. Let w = 40 + o. Let k(u) = u**3 + 13*u**2 + 12*u + 2. What is the units digit of k(w)?
2
Suppose 5*p + 17 = 37. Let r(t) = t**3 + t. Let d be r(0). Suppose 5*g - p*q - 14 = d, -2*q = -5*q - 3. What is the units digit of g?
2
Let j(n) = 2*n**2 + 3*n + 1. Let t be j(-3). Let l = 1 - t. Let f(s) = -s**2 - 10*s + 3. What is the tens digit of f(l)?
1
Let a = 4 - 4. Suppose a = b - 2*b + 3*p + 107, -p = 4*b - 467. What is the tens digit of b?
1
Let k(m) = -m**3 - 6*m**2 - 5*m + 5. Let o be k(-4). Let y(f) = -5*f - 12. What is the units digit of y(o)?
3
Suppose 5*f - 241 = -4*j, -3*f - 3*j = -f - 102. Suppose -4*u = -w + 73, -w - 4*u + f + 28 = 0. Let h = -20 + w. What is the tens digit of h?
5
Let n be -1 - -8 - (-4 + 8/2). Let s(y) = -y**3 + 8*y**2 + 12*y - 16. What is the tens digit of s(n)?
1
Suppose 2*l - 8 = 6*l - 3*b, 5*b + 25 = -l. What is the tens digit of 2*(31 - l) - (-3 - -2)?
7
Let r = -2064 - -3242. What is the units digit of r?
8
Let f(p) = 32*p - 14. Let m be f(-2). Let x = m + 105. What is the tens digit of x?
2
Let q(r) be the first derivative of -r**7/840 + r**6/72 + r**5/30 + 2*r**3 - 6. Let y(x) be the third derivative of q(x). What is the units digit of y(3)?
0
Let o = -1 + 5. Suppose j - o*j = -3. Suppose y = -j, -84 = -2*h + 5*y + 1. What is the tens digit of h?
4
Let t = -28 + 34. What is the tens digit of (24/(-5))/(t - (-93)/(-15))?
2
Suppose -8*m + 5*m = z - 199, 0 = -4*z + 4. What is the units digit of m?
6
Let k(y) = 2*y**2 - 26*y + 27. Let r be k(12). Suppose 0 = -2*l + 3*l + 2*x - 93, l - 97 = -r*x. What is the units digit of l?
5
Let p = 1544 - 208. What is the tens digit of p?
3
Suppose 3*y = -0*y + 6. Suppose 2*j - 276 = 4*i, 0*i = y*j - 5*i - 273. Suppose -p + 9 = h - 20, 3*h = 4*p - j. What is the tens digit of p?
3
Let x = 344 + 646. What is the units digit of x?
0
Let z(c) = -6*c**3 + c**2 + 4*c + 21. Let l be z(-5). Suppose 3*w + 2*d - l = d, -5*w - 2*d = -1293. What is the units digit of w?
9
Let t = -280 + 357. What is the units digit of t?
7
Suppose 133 - 34 = 9*x. What is the units digit of x?
1
Let w = 2166 - 1088. What is the tens digit of w?
7
Let t(a) = 3*a**2 + 3*a - 22. What is the units digit of t(-11)?
8
Let y = 0 - -6. Suppose 3*k = 3*u + 9, 2*k + y = 5*u + 24. Let q = u - -11. What is the units digit of q?
7
Suppose z - 1533 = -355. What is the tens digit of z?
7
Suppose 0 = -3*u - 198 - 18. What is the tens digit of (-992)/u - (-6)/27?
1
Let g be 5*1 + (-11 - -9). Suppose -s = 4*c - 536, s = g*s + 8. Suppose 0 = 6*h - 9*h + c. What is the units digit of h?
5
Let u = -75 - -42. What is the units digit of (6/(-9))/(2/u)?
1
Suppose 74 - 558 = -2*x. What is the units digit of x?
2
Let z(d) = 6*d**2 + d - 1. Suppose 4*u - 2 = x + 16, -4*x - 2*u = 0. What is the units digit of z(x)?
1
Let d(t) = -t**3 - t**2 + 3*t + 774. What is the units digit of d(0)?
4
Suppose k - 3*j - 348 = 0, 258*j - 257*j = 2*k - 686. What is the units digit of k?
2
Suppose 0*z + 5*z - 3*u - 988 = 0, 2*z + 2*u - 392 = 0. What is the hundreds digit of z?
1
Let i = 622 - 292. What is the tens digit of i?
3
Suppose 41*s - 8 = 39*s. Suppose -s*l - 5*u + 45 = 0, 2*l + 5*u = 19 + 16. Suppose 0 = 4*c + l*k - 176 - 115, -3*c + 5*k = -262. What is the units digit of c?
9
Suppose -7*g + 320 = -1626. What is the hundreds digit of g?
2
Suppose 4*i - h = 25, -i + 30 = 3*i - 2*h. Suppose -j = 3*c - 20 - 4, -i*j = -c - 184. What is the tens digit of j?
3
Let k(h) = -29*h - 77. Let f = 25 - 37. What is the units digit of k(f)?
1
Let d = -353 + 397. What is the tens digit of d?
4
Let f(k) = k**3 - 14*k**2 + 19*k - 22. Let g be f(14). Suppose -7*j + 2*j + 289 = 3*t, 0 = 3*t - 4*j - g. What is the tens digit of t?
8
Let i(x) = x**2 + 3*x + 19. Let f(d) = -6*d + 16. Let k be f(4). What is the units digit of i(k)?
9
Let z(q) = q**3 - 24*q**2 + 63*q - 15. Let m be z(21). What is the tens digit of 207 + 12/m*-5?
1
What is the tens digit of 54/27*781/2?
8
What is the hundreds digit of (44144/(-64) + (-2)/8)/(-1)?
6
Suppose 5*n - 4 = -44. Let i be (2/4)/((-2)/n). Suppose -56 - 33 = -5*o - i*x, 3*x = -9. What is the tens digit of o?
1
Let f = -10 - -12. Let l(u) = -11 + 3*u - 12*u + 14 - u**f. What is the units digit of l(-8)?
1
Let i = -4269 + 6071. What is the thousands digit of i?
1
Let a = 6608 - 1363. What is the units digit of a?
5
What is the units digit of ((-2175)/12)/((-13)/52)?
5
Suppose t - 36 = -2*x + 200, -920 = -4*t + 4*x. What is the hundreds digit of t?
2
Suppose 26 - 38 = -3*s. Let c be s/(16/20) - 0. Suppose -c*b + 2*b = -183. What is the units digit of b?
1
Let x(a) = a**3 - 8*a**2 + 13*a - 9. Let g be x(8). Let z = -40 + g. What is the units digit of z?
5
Suppose -g = 4*g - 40. What is the units digit of g - (60/48 - 2/8)?
7
Suppose 4*q + 54 = 7*q. Suppose -q*i + 6*i = -552. What is the units digit of i?
6
Suppose -5*a + 165 + 120 = 0. Suppose 0 = 5*d - a + 7. What is the tens digit of (-76)/10*d/(-4)?
1
Suppose 0 = -5*a + 3*w + 25, 3*a + 22 = 5*w + 53. Let f(g) = 3 - 7 + a + 4 + g. What is the units digit of f(6)?
8
Let g = 25 - 25. Suppose z + c = -g*c + 54, 5*c = -z + 74. What is the tens digit of z?
4
Let b(w) = -1 + 15*w - 10*w**2 + 6*w - 6*w - 11 + w**3. Let z be b(10). Suppose 5*l = z + 162. What is the units digit of l?
0
Let j = -8 + 11. What is the units digit of j/(5/(220/3))?
4
Let g(j) = 2*j**2 - j - 7. Let u be g(7). Let y = u + -59. What is the tens digit of y?
2
Let h(a) = -a**3 + 18*a**2 - 15*a - 32. Let t be h(17). Suppose -t*o = -4*x + 132, 2*o = 3*x - 0*o - 99. What is the units digit of x?
3
What is the units digit of (7 - 62)*(-1 + 0)?
5
Suppose 0 = 3*z + 4*t - 929, -4*z - 122 = 4*t - 1362. Suppose 41 = -2*f + z. What is the tens digit of f?
3
Suppose -10*z + 5*z = 0. Suppose z*n - 6 = -n. Suppose 0 = -9*b + n*b + 36. What is the tens digit of b?
1
Let t = -1130 - -1378. What is the tens digit of t?
4
Suppose -3*i - i = -p + 110, p - 110 = i. Let m = -88 + p. What is the units digit of m?
2
Let x = -58 + 98. Suppose l + 0 = x. What is the units digit of l?
0
Let a(c) = 5*c**2 - 6*c. Let g be a(2). Let r(o) = o**2 + 8*o + 6. What is the units digit of r(g)?
4
Suppose 0 = q - 0*q - 545. What is the units digit of q?
5
Suppose 0 = b - 0*b + 22. Let a = b - -56. What is the tens digit of a?
3
Suppose -s = -2*x + 2961, 36*x - 3*s - 1478 = 35*x. What is the tens digit of x?
8
What is the tens digit of ((-140)/15)/(4/(-198))?
6
Let n = 98 + -69. Suppose -k - n = -117. What is the units digit of k?
8
Suppose y + 5 = 0, -2*u - 28 = -5*y - 77. Suppose -3*z = -j - 125, 23 = z + 3*j - u. What is the tens digit of z?
4
Suppose -3*t + 7 + 8 = 0. Suppose 5*w = 5 + t. Suppose w*p = -3*p + 100. What is the units digit of p?
0
Let q(l) be the second derivative of -l**4/12 + 5*l**3/3 - l**2 - l. Let a be q(9). Suppose 4*o - a = 105. What is the units digit of o?
8
Suppose -5*h - 5*n - 160 = 0, -5*h = -2*n + 67 + 121. Let d be -10*(h/5 + 3). Suppose -i = 2*i - d. What is the units digit of i?
4
Suppose 4140 = -17*n + 26*n. What is the tens digit of n?
6
Let m = 655 - -5800. What is the units digit of m?
5
Suppose 3*l - 219 = -k, -2*l - 5*k - 13 = -172. What is the units digit of l?
2
Let k be -2 + (-3 + 4 - -1). Suppose 0 = -2*v - k*t - 4*t - 12, -2*v = -2*t + 24. Let x = -7 - v. What is the units digit of x?
3
Let v(b) = b**3 - 3*b**2 - 6*b + 5. Let s be v(4). Let k(j) = -3 - 12*j + 2 - 1. What is the tens digit of k(s)?
3
Suppose -4*u = -g + 4 - 66, -3*g - 6 = 0. Let j = -8 + u. Suppose -34 = -f + j. What is the units digit of f?
1
Suppose -377 - 543 = -5*m + r, 2*r = 2*m - 376. Let j = m - 73. What is the u